prime factors of k.
2, 3
Let m(u) = -u - 3. Let p be m(-5). List the prime factors of ((-147)/6)/(-7)*p.
7
Suppose 0 = 3*x + 5*g - 9, 2*x - g - 25 = 2*g. Let o be 3/4*6*x. Suppose 0 = 4*k - o + 8. What are the prime factors of k?
7
Let f(g) = g + 1. Let n be f(2). Let v(m) = 2*m**3 - 3*m**2 + m. What are the prime factors of v(n)?
2, 3, 5
Suppose -l - 4*y = 2*l - 265, -3*l - 5*y = -263. What are the prime factors of l?
7, 13
Let b = -1 + 12. Let h(v) = v - 11. Let n be h(b). Suppose n = 2*i + 13 - 41. List the prime factors of i.
2, 7
Let k(c) = -c**3 + 7*c**2 - 6*c + 3. Let v be k(5). Let i = 41 - v. What are the prime factors of i?
2, 3
What are the prime factors of (-4)/18 + (-10127)/(-171)?
59
Suppose -l + 18 = -3*v, -3*l + 3 = -3*v - 21. Suppose 4*a - b = -5*b + 176, 0 = -2*a - l*b + 89. What are the prime factors of a?
43
Suppose -5*q + 112 = 3*j - q, -3*j + q + 122 = 0. What are the prime factors of j?
2, 5
Let k(l) = 4*l**2 - 3*l + 3. Suppose 2*p + i - 5*i + 8 = 0, 2*p - 10 = -2*i. What are the prime factors of k(p)?
13
Let c = 9 + -6. Let a be c + -1 + -4 + 11. Suppose -f = -5*x - a, -2*x + 0 = -2*f + 18. What are the prime factors of f?
3
Suppose 0 = -d + 2*a + 11, 0*d + 3*d = -a + 33. Suppose 3*n - 7 = d. List the prime factors of 4 - n/(-1*3).
2, 3
Let u(o) = -o**3 - 4*o**2 + 8*o + 9. Let h(l) = -1. Let p(g) = -3*h(g) - u(g). Let q(t) = t**3 + t**2 - t - 5. Let s be q(0). List the prime factors of p(s).
3
Suppose 3*h - 202 = -5*u, 2*h + 5*u - 135 = -2. List the prime factors of h.
3, 23
Suppose 0 = -r + 4*r + 9. Let s = r - -6. List the prime factors of s.
3
Let d(z) = z**2 + 6 + 0 - 2. Suppose 8*b - 13*b = 0. List the prime factors of d(b).
2
Let s(u) = u - 4. Let o be s(5). Let p(j) = -j + 14. Let v be p(6). Suppose -m - o = -v. What are the prime factors of m?
7
Let f(h) = -12*h**2 - 2. Let d be f(-2). Let s = 71 + d. What are the prime factors of s?
3, 7
Let f(u) = 3*u**2 - 12*u - 3. What are the prime factors of f(6)?
3, 11
Let k be (3/2)/(1/10). Let a = 21 - k. List the prime factors of a.
2, 3
Let b = 7 + -4. Suppose -24 = -b*c - 9. Suppose x - 2*x + 16 = 5*h, -c*x = -4*h - 51. What are the prime factors of x?
11
Suppose 3*o = o + 6. Let y = -17 - -23. Suppose 12 = y*x - o*x. List the prime factors of x.
2
Suppose -2*l = -5*h + 148, 4*l + 27 - 1 = h. Suppose -h = -2*f - 0. What are the prime factors of f?
3, 5
Suppose -d + 2*d = 2. Suppose -4*z = 16, 3*i + d*z + 11 = -3*z. Suppose -25 = 5*v, 0*v + 37 = l - i*v. List the prime factors of l.
2, 11
Suppose -407 = -3*l + 703. List the prime factors of l.
2, 5, 37
Let k(d) = d**3 - 6*d**2 + 2*d - 36. List the prime factors of k(8).
2, 3
List the prime factors of (-8)/3*(-552)/32.
2, 23
Let u be 2/4 + 11/2. Let z(l) = 6*l - 9. Let t(n) = n. Let p(i) = -4*t(i) + z(i). List the prime factors of p(u).
3
Let d(k) = 5*k**2 + k + 1. Let a be d(-1). Let z(m) = 5*m**2 - 5*m + 9. Let v be z(4). Suppose -a*i - 14 = -v. List the prime factors of i.
11
Let c(i) = -17*i + 13. Let x(a) = 6*a - 4. Let r(z) = 3*c(z) + 8*x(z). List the prime factors of r(-5).
2, 11
Let b = -5 + 5. Suppose b*y + 2*y - 3*g = 24, g = -y + 12. List the prime factors of y.
2, 3
Let m be 2 + 2 + -3 - 5. Let j(k) = -4*k - 2. Let a be j(m). Suppose -a = -r + 7. List the prime factors of r.
3, 7
Let c = -12 + 4. Let g(l) = -l**2 - 9*l - 5. Let r be g(c). Suppose -3*w + 2*y = -76, -w = -y + 6*y + r. What are the prime factors of w?
2, 11
Suppose b + 2*r = 4*b - 117, -2*b - 3*r = -65. What are the prime factors of b?
37
Let w be (-6)/(-1) - (2 + 0). Let l be (w - 1)*160/15. Suppose -2*s = -5*h, 0 = -0*s + 4*s - 2*h - l. What are the prime factors of s?
2, 5
Suppose 3*t = 2 + 1. Suppose f - 5*s + 9 = 0, -3*f + 4*s + t - 6 = 0. Suppose -m - 1 - f = -x, m = -x + 6. What are the prime factors of x?
2
Let r(k) = k**3 + 14*k**2 - 2*k + 5. What are the prime factors of r(-14)?
3, 11
Let c = -66 - -128. List the prime factors of c.
2, 31
Let v = -6 + 6. Let k = 6 - v. What are the prime factors of ((-6)/4 + 2)*k?
3
Let d be -2 + -1 + 1 + 5. Let z = -2 - -2. Suppose 0 = 3*y + 2*a - d*a - 13, z = 4*y + 2*a - 14. What are the prime factors of y?
2
Suppose -2*k + 9 = -39. What are the prime factors of k?
2, 3
Let u(t) = t**3 - t**2 - 1. What are the prime factors of u(3)?
17
Suppose 2*y + y = 0. Suppose -3*k + 2*k + 13 = y. List the prime factors of k.
13
Let q(m) = -m**3 + 5*m**2 - 5*m + 4. Let a be q(3). Let p(k) = 2*k + 8. List the prime factors of p(a).
2, 11
Let w be (17 - 4)/(3/3). Suppose 2*m + 4*l - w = 31, -10 = 5*l. List the prime factors of m.
2, 13
Let n(d) = 2*d**3 - 4*d**2 + d - 7. What are the prime factors of n(4)?
61
Let j be (5/(-3) - -3)*3. Suppose -j*t + 0*t + 88 = 0. What are the prime factors of t?
2, 11
Let c(r) = 4*r + 1. Let z be c(1). Suppose -2*p = 2*q - 26, q = -0*q - z*p + 5. What are the prime factors of q?
3, 5
Suppose 20 = 5*m - 0*m. Suppose 3*d = m*d - 10. Suppose -2*k + d = 3*t, t - 17 = -2*t + 5*k. What are the prime factors of t?
2
Suppose -5*a - 35 = -540. What are the prime factors of a?
101
Suppose 0 = -2*b - 3*r + 5*r + 2, 2*b = -4*r + 2. What are the prime factors of b/(-4) - 267/(-12)?
2, 11
Suppose -z - 3*r = -9, -4*r = -z - 4*z + 7. List the prime factors of z.
3
Let i = -4 + 6. Let n = -10 - -14. Suppose i*f = 3*u - 1, 0 = u - n + 1. List the prime factors of f.
2
Let t = 13 - 63. List the prime factors of -2 - t/(6/3).
23
Suppose 0 = -4*u + 3*s + 93 + 275, 5*u - 2*s = 460. What are the prime factors of u?
2, 23
Let p be (0 - 47)*(-5 - -6). Let o = p + 95. What are the prime factors of o?
2, 3
Let o = -12 - -16. Suppose 36 = -f + o*f. What are the prime factors of f?
2, 3
Let y(o) = -o**3 - 20*o**2 - 9. What are the prime factors of y(-21)?
2, 3
Suppose 2*w - 125 = 325. Suppose 11 + w = 4*h. What are the prime factors of h?
59
Let r(q) = -3*q + 1. Let l = 13 + -15. List the prime factors of r(l).
7
Let r(f) = -f**2 - 21*f - 1. List the prime factors of r(-18).
53
Let d(f) = 49*f - 1. Let i be d(1). Suppose -4*x = -2*z - 2*z - 40, 5*x - 4*z = i. What are the prime factors of x?
2
Let v = 16 + -11. Suppose -65 = v*h + 5*n, -h = 3*n + 2*n + 29. What are the prime factors of (h/(-2))/((-9)/(-12))?
2, 3
Suppose -2*p - p + y = -30, 64 = 5*p + 3*y. Suppose 3*s - 4*s = -p. What are the prime factors of s?
11
Let u(h) = -h**3 + 11*h**2 + 11*h + 10. Let i be u(12). What are the prime factors of i/(-2)*(-13)/(-1)?
13
Suppose 0 = 5*f - 2*d - 105, -70 = -5*f - 3*d - 2*d. List the prime factors of f.
19
Let t = 271 - 141. Suppose 2*a - 5*a = -g - 115, -3*a - 2*g + t = 0. What are the prime factors of a?
2, 5
Let d(a) = 3*a**2 - 3*a + 2. Let h(x) = x + 9. Let f be h(-7). List the prime factors of d(f).
2
Let m be (0 + -5)*8/(-10). Suppose j - m*j + 63 = 0. List the prime factors of j.
3, 7
Let f = 15 + -18. Let o = f - -37. List the prime factors of o.
2, 17
Let j(f) = 2*f**2 + 3*f + 4. What are the prime factors of j(-4)?
2, 3
Suppose -4*n = -3*t + 2*t - 11, 3*n - 7 = t. Suppose -30 = -t*c - 0*c. List the prime factors of c.
2, 3
Suppose 3*u + 81 = 3*j, -91 - 22 = -3*j - 5*u. List the prime factors of j.
31
Suppose 0 = 2*a - 0 - 20. Let p = a - -5. What are the prime factors of p?
3, 5
Let a = -63 + 90. List the prime factors of a.
3
Let t be (6 + 0)*(-9)/(-27). Suppose t*h = 15 - 1. Suppose h*f = 2*f + 15. What are the prime factors of f?
3
Let w(a) = -15*a + 4 - 4. Suppose 7 = -3*s - p, -4*s + 4*p = p - 8. What are the prime factors of w(s)?
3, 5
Let g(c) = 6*c**2 + 9*c - 34. What are the prime factors of g(7)?
17, 19
Let f be 3/6*2*5. Suppose -a - 4*a + 12 = 3*h, 3*h - 12 = f*a. Suppose -3*x + 5*x = h. What are the prime factors of x?
2
Suppose -4*p + 191 = -0*p - 3*u, -4*u = 2*p - 68. List the prime factors of p.
2, 11
Let a = -15 + 9. List the prime factors of (27/a)/(3/(-6)).
3
Suppose 8*j + 27 = 9*j. What are the prime factors of j?
3
Suppose 3*u - u = 5*v + 31, 5*u + 5*v = -10. Suppose u*n + 0*c - 3*c = 84, -n = c - 38. What are the prime factors of n?
3, 11
Suppose 0 = -4*i - 6 - 10. Suppose -4*a + 0*a = k + 8, 4*k = -2*a - 18. List the prime factors of ((-8)/i)/((-2)/k).
2
Let d(l) = l**2 + 4*l + 1. List the prime factors of d(-6).
13
Suppose -6*c + 8 = -2*c. Let k(y) = 4*y**2 + 2*y - 3. Lis